= 11870*v**2 - 23 + v**3 + 12*v - 2*v - 11861*v**2. Let j be r(-6). Let h(k) = 6*k + 8. Let d be h(7). What is the greatest common divisor of d and j?
25
Let i(y) = -5*y**3 - 9*y**2 - 12*y - 24. Let k be i(-4). What is the greatest common divisor of k and 125?
25
Suppose -3*k - 41164 = -10*k + 13268. Calculate the greatest common factor of k and 36.
36
Suppose 5*y + 38 = -2*h + 49, -5*h + 2*y = -42. What is the greatest common divisor of 10 and h?
2
Suppose -2*f + 6 = 0, 2*f = -r + 6*f - 12. Let o be (r - (-4)/8)*6. Suppose o*l - 8 = 22. Calculate the highest common factor of l and 15.
5
Suppose -17*a + 16*a = 4, 0 = 5*s - 4*a - 10096. Calculate the highest common factor of 567 and s.
63
Let x be ((-18)/(-4))/(-3)*-110. Suppose -454 = -4*r + 6. Suppose 119*q - r*q - 132 = 0. Calculate the greatest common divisor of q and x.
33
Let t(p) = -p**3 - 56*p**2 - 2*p + 172. Let z be t(-56). Calculate the greatest common factor of z and 20.
4
Let d = 2696 - 2664. Calculate the greatest common factor of d and 3488.
32
Let r(t) = 2*t + 16. Let u be r(-6). Let b(x) = 2*x**3 - 8*x**2 + 46*x + 8. Let k be b(u). Calculate the highest common factor of 96 and k.
96
Let n = -51631 + 94960. What is the highest common divisor of n and 202?
101
Let f(l) = 36*l**2 - 20*l - 120. Let b be f(15). What is the highest common factor of 24 and b?
24
Suppose 5*c = 26 + 39. Let r(j) be the second derivative of -j**4/12 + 9*j**3/2 + 22*j. Let w be r(26). What is the highest common factor of w and c?
13
Suppose -3*f = 142 - 34. Let t = -20 - f. Suppose t + 9 = 5*a. What is the greatest common divisor of a and 5?
5
Let b = -72 - -79. Suppose b*m = 48 - 13. What is the highest common factor of m and 10?
5
Suppose -96 = 3*p - 5*p + 2*n, 3*n = -p + 32. Suppose 3*g + 4*s = 408, 2*s = -0*s + 6. Calculate the greatest common divisor of p and g.
44
Suppose -18 = -8*i + 6*i. Suppose -i*u + 18*u = 45. Suppose 8*z - 3*f - 132 = u*z, z = 5*f + 60. Calculate the greatest common divisor of 16 and z.
8
Let f be (-12)/(-102) + (-13672)/34. Let g = 3 - f. Calculate the greatest common divisor of 15 and g.
15
Let h = -1310 - -5557. What is the highest common divisor of 137 and h?
137
Let f = -12 - -24. Let q(v) = -1823*v + 36592. Let i be q(20). What is the highest common divisor of f and i?
12
Suppose 4*d - 22 = -2*k, 17 = 3*d + 3*k - 2*k. Let i be d/33 + 7221/33. Let l = i - 67. What is the greatest common factor of 38 and l?
38
Let a be (-14 + 1 + -6)*23. Let w = 469 + a. Let k(y) = -2*y - 4. Let x be k(-4). Calculate the greatest common divisor of x and w.
4
Suppose 8*x + k = 10*x + 3, 0 = 5*x - 2*k + 6. Suppose x = 10*t + 9*t - 1273. What is the highest common divisor of 469 and t?
67
Let v(r) = r + 18. Let z be v(-15). Let l be z*(8/(-6) + 2). Suppose l*p = p, -j = 2*p - 52. Calculate the highest common factor of 130 and j.
26
Let c = 1352 + -910. What is the greatest common factor of 272 and c?
34
Let z be ((-1025)/(-10))/((-65)/(-572)). Calculate the highest common factor of z and 164.
82
Let z(u) = -u**2 - 12*u + 24. Let q be z(-12). Let x be -1 - (-165 - (-5 + 9)). What is the greatest common factor of x and q?
24
Suppose 0 = 33*h - 38*h - 760. Let m = 174 + h. Let c = -31 + 86. Calculate the greatest common divisor of c and m.
11
Let g = 123 + -100. Suppose -g*q = -15*q - 1880. Calculate the highest common factor of q and 5.
5
Let u = 136 - 134. Let v be u*((-222)/16)/((-60)/80). What is the greatest common factor of 296 and v?
37
Let p = -12596 + 12665. Calculate the greatest common factor of 7521 and p.
69
Let k(z) = 33*z + 3357. Let f be k(-99). Calculate the greatest common factor of 590 and f.
10
Let i(z) = 221*z + 4810. Let g be i(25). What is the greatest common divisor of 212 and g?
53
Suppose 100641 = 44*x - 28191. Calculate the greatest common factor of 549 and x.
183
Let c = 11625 - 11455. Calculate the greatest common factor of 70 and c.
10
Let k(t) = 7*t**2 + 910*t + 277. Let n be k(-132). What is the greatest common divisor of n and 68?
17
Let h be (-2)/(-16) + 433128/192. What is the highest common factor of 47 and h?
47
Let p = 6709 + 3077. What is the greatest common factor of 42 and p?
42
Let m = -2864 + 2925. Calculate the greatest common divisor of m and 22021.
61
Let l(g) = -120*g + 21. Let z be l(-5). Suppose -5*o + 5*i + 1222 - 192 = 0, 3*o - 4*i - z = 0. What is the highest common factor of 29 and o?
29
Let i(s) = s - 14. Suppose 0 = -11*a + 10*a + 6. Let n be i(a). Let v be 96 - (n/4 - -2). Calculate the highest common factor of v and 16.
16
Let j(l) = -l**3 - 35*l**2 + 2664*l + 84. Let k be j(37). Let m(u) = 14*u + 2. Let t be m(5). What is the highest common divisor of k and t?
12
Let z = 76 - 44. Let b = 614 + -582. What is the greatest common divisor of b and z?
32
Suppose 4 = 3*j - 2. Suppose 0 = -3*b + 4*m + 19, -3*b = -j*b - 4*m - 1. Calculate the greatest common factor of b and 36.
9
Let l = 282 - 211. Suppose 0 = -4*b - 5*r + l, -110 = b - 6*b - 2*r. Calculate the greatest common divisor of 156 and b.
12
Let t be 358/20 - 1/(1 + -2 + -9). What is the greatest common divisor of t and 14166?
18
Let i be 4/14 - (-2504)/56. Let g = -789 - -795. What is the greatest common divisor of i and g?
3
Suppose -217 = 10*r + 163. Let j = r - -45. Let q be ((-6)/4)/((81/(-168))/9). Calculate the highest common divisor of j and q.
7
Suppose -13*p = -27*p + 826. Suppose -4*r = -0*r + 3*i - p, -5*r = -i - 50. Let m = 25 - -8. Calculate the highest common factor of m and r.
11
Suppose 8 = 5*d - 187. Suppose -3*v - 4*q = -119, 3*v + d = q + 178. Let n = v + -42. What is the greatest common factor of 33 and n?
3
Suppose -6*q = v - 2*q + 12, -5*q - 24 = -v. Suppose 0 = o - 2*o + 5*m + 29, 20 = -v*m. What is the greatest common factor of o and 148?
4
Let k(i) = 3*i**2 - 7*i - 6. Let h = 58 - 54. Let c be k(h). Suppose 64 = c*f - 10*f. What is the highest common factor of 144 and f?
16
Suppose 3*b + 334 = 4*p + 128, 0 = p + 4*b - 42. What is the greatest common divisor of p and 990?
10
Suppose 3*k - 104 = 4*k. Let d be 3*2/27 + k/(-18). Suppose d*p - 3*p = -12, 90 = 5*g + 5*p. Calculate the highest common divisor of 176 and g.
22
Let s be (-162)/189*(-7)/3. Suppose 3*x = s*y - 73, y + x - 11 - 23 = 0. What is the greatest common divisor of 5 and y?
5
Let o(f) = -5*f**2 - 17*f + 25. Let p be o(0). What is the greatest common factor of 40 and p?
5
Suppose 0 = -3*w - 4*f + 132, 13 = -2*w - 3*f + 100. Suppose 5*b - 250 = -10*q, -5*q + 57 = b - 4*q. What is the highest common factor of b and w?
16
Suppose 0 = 8*a - 17*a + 81. Suppose -15*z = a*z - 240. Calculate the highest common factor of z and 25.
5
Suppose -4*n + 12 = -4*f, -4*n + 8 = -f - 7. Suppose -9 + f = -4*s. Let q be s - -22 - 2/((-8)/12). What is the highest common factor of 216 and q?
27
Suppose -4*b - 3*b + 1575 = 0. Suppose b = 3*u - i, -i - 375 = -5*u + i. Suppose 2*l - 5*l + u = 0. What is the greatest common divisor of l and 100?
25
Let r be 0 + (209 - 9/(-3)). Let o = r - 126. Suppose -4*w = 2*p - 64, -3*w + o - 24 = 2*p. Calculate the greatest common divisor of p and 42.
14
Let r be -4 + 3 - (-24)/8. Let d be 12/r*(3 + 51/(-18)). Suppose 3 = -4*y + 7. Calculate the highest common factor of y and d.
1
Let h = 218 - 219. Let s be (-17 + 8)*h*118/2. What is the highest common factor of 59 and s?
59
Let t = -540 + 600. Calculate the greatest common divisor of 1635 and t.
15
Suppose 65*h - 63*h + 280 = 3*t, -70 = -t + 4*h. What is the highest common divisor of t and 70?
14
Suppose -s = -1, 2*q - 137 = -4*s - s. What is the highest common divisor of q and 1166?
22
Let h = -85 + 29. Let j be ((-4608)/h)/8 + 2/(-7). Let g = -6 + 31. What is the greatest common divisor of j and g?
5
Let w(y) = y**2 - 101*y + 1257. Let n be w(14). What is the greatest common divisor of 11388 and n?
39
Let g(h) = 7*h + 100. Let c be g(14). Let p(b) = -6*b + 20. Let m be p(-4). Calculate the greatest common factor of c and m.
22
Let n = -55 + 57. Suppose 5*x = -5*c + 330, 0*x - n*x - 193 = -3*c. Let k = -49 + c. What is the greatest common factor of k and 16?
16
Suppose -5*g = -12*d + 16*d - 128, -4*d + 128 = -g. Let p be 0*2/6 - -27. Let a = p + 53. Calculate the greatest common divisor of a and d.
16
Suppose 0 = b + w - 52, -2*b 